 a be k(-3). What is the greatest common factor of a and w?
9
Let z(t) = t + 15. Let y be z(-7). Let g be (-280)/(-6) - y/12. What is the highest common divisor of g and 115?
23
Suppose 3*v + 2*t = 20, -6*v + 3*v - 5*t = -23. Suppose -6*c + 5*c + 2*q = -11, 2*q = -8. Calculate the highest common divisor of c and v.
3
Suppose t - 23 = 4*o, 3*t + 4*o = -o + 35. Let m = 17 + -11. Calculate the highest common factor of t and m.
3
Suppose -90 = 2*g - 364. Suppose -2*w = -g - 171. What is the greatest common factor of 14 and w?
14
Suppose 86*b - 162 = 83*b. What is the greatest common divisor of b and 36?
18
Let u(j) = j**2 + j + 2. Let p be u(0). Let w = 6 + -3. Suppose -p*f = 4*z - 134, w*f = -z + 17 + 19. Calculate the highest common divisor of 11 and z.
11
Let t = 372 - 14. Let m = -48 + t. Let o = -190 + m. Calculate the highest common divisor of o and 15.
15
Let g be 0/(-2) - (-8 + -54). Calculate the highest common divisor of g and 31.
31
Let o = 29 - 18. Calculate the greatest common divisor of o and 88.
11
Let j be ((-1 + -2)/1)/(-1). Suppose 0 = -c - 5*b + 13, j*b - 17 + 161 = 4*c. What is the greatest common factor of c and 22?
11
Let y be (4 - (7 - 0)) + 3. Suppose -42 = -6*m + 3*m - 3*r, y = 3*r. What is the highest common factor of 21 and m?
7
Let a(z) = z + 1. Let u be a(-1). Suppose u = 4*x - x - 1245. Suppose -145 = 3*n - x. Calculate the greatest common factor of n and 10.
10
Let q = 20 + -15. Calculate the greatest common divisor of 15 and q.
5
Let d = -56 - -72. Calculate the highest common divisor of 112 and d.
16
Suppose 5*m + 0 = 10. Suppose 2*g - 7 = -z, -m*z + 9 + 4 = 5*g. What is the highest common factor of 3 and z?
3
Let z = 7 - 4. Suppose 1 = -r + 3*j, -j = -2*r - z*r + 9. Calculate the highest common divisor of r and 3.
1
Let l be ((-3)/((-63)/(-12)))/(2/(-14)). What is the greatest common divisor of l and 28?
4
Suppose -6*m = -21 + 3. What is the greatest common factor of m and 9?
3
Suppose 5*z - 4*g - 25 - 68 = 0, -3*g + 93 = 4*z. Suppose 4*n - 2 - 2 = 0. Let r be (1 - 3) + n + 15. Calculate the greatest common factor of z and r.
7
Let h be 6/15 - (-556)/10. Suppose -m = 5*w + 2*m - 29, 0 = 5*w - m - 37. What is the greatest common divisor of w and h?
7
Suppose 0 = -4*p - 4, -2*y + 4*p = -p + 367. Let r = y - -330. What is the highest common factor of r and 16?
16
Let x be -2 + 12/3 - -6. Suppose 0*i + x = i. Calculate the highest common factor of i and 40.
8
Let y = 131 + -89. Let r = -6 + 12. Calculate the greatest common divisor of r and y.
6
Let g(i) = -55*i**3 - i**2 - i. Suppose t + 0*t = -q + 4, t = 2*q + 7. Let d be g(q). Let f = -2 + 7. Calculate the highest common divisor of d and f.
5
Let h(k) = 2*k - 30. Let l be h(19). Calculate the highest common divisor of 64 and l.
8
Suppose n + 1 = 4*o + 9, 3*n + 4*o + 8 = 0. Suppose -3*t + 24 + 36 = n. Let y = 63 - 43. What is the greatest common divisor of y and t?
20
Suppose -4*w + 3*p = -31, -4*w - 4*p + 2*p + 26 = 0. Suppose -2*o = -21 - w. Suppose -z - o = -42. Calculate the greatest common divisor of z and 70.
14
Let m = -54 + 64. What is the greatest common factor of m and 40?
10
Let p = -3 + 6. Let t(x) = -2*x + x**2 - 2*x**2 + 27 + x**3 + x. Let q be t(0). What is the greatest common factor of p and q?
3
Let k be (-8)/(-6)*9/4 + 13. What is the greatest common divisor of k and 176?
16
Let f be 248/20 + 2/(-5). Suppose -5*s + 20 = 0, w + 2*s + 13 - 39 = 0. What is the greatest common factor of f and w?
6
Suppose -2*u = -2*l - 2, 2*u - 4*u - 4 = -5*l. Suppose -z - 3 = 0, l*d - z - 21 = 6. Let y = 107 - 47. What is the greatest common divisor of d and y?
12
Suppose 2 = -v + 6. Let h(j) = 8*j**2 - 5*j + 4. Let z be h(v). Suppose -3*y = -2*y - 14. Calculate the highest common divisor of z and y.
14
Let f(j) = -j**2 - 5*j - 11. Let g be f(-8). Suppose 47 = -2*q + 243. Let u = q + g. What is the highest common divisor of u and 7?
7
Let s(x) = x**2 + 5*x + 4. Let i be s(-5). Suppose 0 = 5*d - 4*n - 192, -d = -n - i*n - 30. What is the highest common factor of d and 5?
5
Suppose 75 = -z + 78. Calculate the highest common divisor of z and 1.
1
Suppose -3*c - 5*u + 54 = 0, -4*c = u + u - 58. What is the greatest common divisor of c and 169?
13
Suppose 226 = 3*q - 2*x, -q - x + 47 = 4*x. Let z = 8 + 0. Calculate the highest common divisor of q and z.
8
Suppose 25 = -3*p + 7. Let w be 6*(-3 + (-38)/p). What is the highest common factor of w and 30?
10
Let y(a) = a**2 - 3*a + 4. Let i be y(4). Let n = 19 + 5. What is the highest common divisor of i and n?
8
Let s = 2 - -1. Let f(a) = 2*a. Let z be f(s). Suppose 75 = -p + z*p. Calculate the greatest common divisor of 10 and p.
5
Suppose -6*u - 3 = 3*v - u, 3*v + 3 = -3*u. Let z = v + 11. What is the greatest common divisor of 4 and z?
2
Suppose 0*z = z - 7. Calculate the greatest common factor of z and 56.
7
Let y(p) = 8*p - 1. Let l be y(1). Suppose -j = -4*s + 115, 0*s + 19 = s + 3*j. Calculate the highest common divisor of s and l.
7
Suppose -3*z + 0*z + 18 = 0. Let y = z + -4. Suppose -s + y*s = 14. Calculate the highest common divisor of s and 7.
7
Suppose 0*d + 20 = 5*d. Let f = -10 + 22. Calculate the highest common divisor of d and f.
4
Let a = 8 + -3. Suppose -q - 16 = -a*q. Suppose 5*s = s + 176. What is the highest common divisor of q and s?
4
Suppose q = -3*q - 16. Let g be 1/q - (-723)/12. What is the greatest common divisor of 10 and g?
10
Suppose 0 = -3*r, 4*h - 29 = -3*r + 79. What is the greatest common divisor of h and 27?
27
Suppose 18 + 37 = 5*a. What is the highest common factor of a and 99?
11
Suppose 5*s = 2*s. Suppose -2*z + s*z = -44. Suppose -4*i + 18 = -z. What is the highest common factor of 1 and i?
1
Let p = -36 - -63. Suppose f = -8 + p. Suppose 0*y = -2*y + 2*t + 28, -t + 81 = 4*y. What is the highest common factor of y and f?
19
Let f = -6 - -5. Let t be (-3)/(0 + f) + 29. Calculate the greatest common divisor of t and 8.
8
Suppose -5*i - b + 13 = 0, -2*i + 3*b + 3 = -3*i. Suppose -2*d + 300 = i*d. Suppose m + d = 6*m. What is the greatest common divisor of 60 and m?
12
Suppose 9*n - 5*n - 112 = 0. Suppose -3*w + 8 = -13. What is the greatest common factor of w and n?
7
Let q(j) = -2*j - 3. Let a be q(-2). Suppose 0 = 3*n - 2*n - 1. Calculate the greatest common factor of a and n.
1
Let z be 1*4/(-5)*-10. Suppose a - 176 = -10*a. Calculate the highest common factor of a and z.
8
Let m be (-24)/10 - 9/15. Let h be (m/9)/(2/(-156)). What is the highest common factor of h and 65?
13
Let s(i) = i - 1. Let l be s(10). Calculate the greatest common factor of 27 and l.
9
Let p(d) = -d**3 - 11*d**2 + 13*d + 14. Let f be p(-12). What is the highest common factor of f and 8?
2
Suppose 0 = -2*x - 2, 3*x + 9 = q + 5*x. Let b = -25 + 36. Calculate the greatest common divisor of b and q.
11
Suppose 4*b - 3*l + 5*l - 420 = 0, -4*l - 105 = -b. What is the greatest common divisor of 15 and b?
15
Let y be (-3)/((-1)/30*2). Calculate the greatest common factor of 30 and y.
15
Let l(s) = s**3 + 7*s**2 + 7*s + 1. Let a be l(-5). Suppose -7*m + 12*m - 120 = 0. Let j = m - a. Calculate the highest common factor of 2 and j.
2
Let l = 0 - -4. Let q = 4 - 4. Suppose -l*x - x + 400 = q. Calculate the greatest common factor of x and 32.
16
Suppose -14 - 30 = -l. Calculate the highest common divisor of l and 4.
4
Let c be ((-6)/9)/(4/(-54)). Let x = -6 + c. Calculate the greatest common factor of 2 and x.
1
Let m be (11 + -1)*2/2. Let r(i) = -51*i**3 + 2*i + 1. Let l be (-9 - -7) + 1/1. Let z be r(l). What is the highest common factor of z and m?
10
Let f(t) = t + 1. Let h be f(3). Let n = h - 1. Suppose -36 = -0*d - n*d. What is the highest common factor of d and 132?
12
Suppose 7*d - 343 = -35. Calculate the highest common divisor of 66 and d.
22
Let j(s) = -343*s**2 - 3*s + 4. Let k(h) = -172*h**2 - 2*h + 2. Let l(f) = -3*j(f) + 5*k(f). Let n be l(-1). Calculate the greatest common factor of n and 21.
21
Suppose u - 40 = -0*u. Let c = 29 - 21. Calculate the greatest common factor of c and u.
8
Suppose j - 153 = -3*b, 0 = -4*j - 0*j + 3*b + 567. Calculate the greatest common divisor of 9 and j.
9
Suppose 3*q = 3*v + 4*q - 40, -2*v = -3*q - 34. Let s = 124 - 89. What is the greatest common factor of v and s?
7
Le